se
Let o(m) = -12842*m**3 - m**2. Is o(-1) prime?
True
Let i = 887 + -196. Is i composite?
False
Let s be 2*-5*(2 + 8). Let l be s/(-2) + (1 - 2). Let n = l + 96. Is n composite?
True
Let z(o) = o + 8. Let v be z(-8). Suppose 5*l = 3*l, 3*r - 2*l = v. Suppose r*h = -2*s - 2*h + 846, -2099 = -5*s - h. Is s prime?
True
Let v(h) be the third derivative of 13*h**6/40 + h**4/6 - h**3/2 + 11*h**2. Is v(2) composite?
False
Let c = -116 + 271. Let m = 46 + c. Is m prime?
False
Suppose 3*r - 7*r = d - 147601, -d = -3*r + 110692. Is r a composite number?
False
Let n be (102/12)/((-3)/12). Let s be n/8 + (-1)/(-4). Is (-3 - -5)/(s/(-38)) a prime number?
True
Let k(d) = 10*d**2 - 2*d - 377. Is k(17) prime?
False
Let a(d) = d**3 - d - 2. Let s be a(2). Suppose s*g + 186 = 2174. Is g a prime number?
False
Let q = 6579 + 8652. Is q prime?
False
Let m(c) = 5382*c**3 + 3*c**2 - 3*c + 1. Suppose 7 = i + 2*w, 5*w - 17 = -4*i + 2. Is m(i) a prime number?
False
Let m = -1 - -32. Is m prime?
True
Let g be (2/(-4))/((-2)/12). Let q be (-3)/9*g*-27. Suppose 177 = q*c - 24*c. Is c a composite number?
False
Suppose 0 = 31*z + 44*z - 3939525. Is z prime?
False
Let l = -29 + 40. Let z = l + -11. Is 1/(2/46 - z) composite?
False
Let p be (2/2 - 7)*96/64. Let v(r) be the third derivative of -r**5/60 - r**4/2 - 4*r**3/3 - r**2. Is v(p) a prime number?
True
Is (0 + -1)/((-2)/366) a prime number?
False
Suppose 0 = 5*v + 2*m - 11142, 0 = 2*v + 2*m - 0*m - 4458. Suppose -3*f = -7*f + v. Is f composite?
False
Let p(b) be the first derivative of 0*b + 11/2*b**2 + 3. Is p(5) composite?
True
Suppose -5*y = -2*v - 4, -11 = -2*v + v - 4*y. Suppose 0 = -2*t - v*m + 1189 + 1533, t - 1361 = 2*m. Is t composite?
False
Let s(y) = -2*y**3 - 4*y - 3. Let h = 5 - 10. Is s(h) a prime number?
False
Suppose 5*a + 5*x = -0*x + 60, 2*a = 4*x. Let d = -6 + a. Suppose 4*w - 4*h - 256 = 0, -3*h + 91 + 12 = d*w. Is w composite?
False
Let n = -1 + 4. Suppose 8 = -2*o, -4*o = 3*z - o - n. Suppose -4*r - 53 = -z*r. Is r a composite number?
False
Let z(v) = -v. Let b be z(-2). Is 9/(-36)*-1418*b composite?
False
Suppose 5*g - 26 = 24. Suppose 36 = k - g. Is k composite?
True
Suppose -7*n = -12*n + 6465. Is n composite?
True
Is 44/(-154) + (-223275)/(-35) composite?
False
Let l be ((-20)/(-6))/(-2)*(-1 + -2). Suppose l*f = -2*f + 1547. Is f a composite number?
True
Let n be 6/1 + -3 + -39. Let o be 58/18 - (-8)/n. Suppose 0 = 3*y + o*y - 942. Is y composite?
False
Suppose 0 = 26*p - 12*p - 36610. Is p composite?
True
Suppose 0 = -z + 3, 4 = 2*d + 4*z - 0. Is (606/9)/(d/(-18)) a composite number?
True
Suppose v = -2*n + 629, -5*n + 2*v + 1342 = -226. Suppose 3*q - 2*m - n = 265, -3*q + 582 = -3*m. Is q a composite number?
False
Let a = -2550 + 6380. Suppose -7*y + 2*y = -a. Is y a composite number?
True
Is 19964/18 - 110/990 composite?
False
Suppose -3*o - 372 = o. Suppose w = -0*a + a - 19, 89 = -5*w + 3*a. Let q = w - o. Is q a composite number?
True
Let z = 765 + 2078. Suppose 0 = -2*k + 5*x + z, -7070 = -5*k - 9*x + 14*x. Is k a composite number?
False
Let t = -28 + 28. Suppose -2*w + 2*b - 4 = -w, 4*w + 2*b - 34 = t. Suppose -5*v + 1455 = -4*n, -w*v + v + n + 1440 = 0. Is v a prime number?
False
Suppose 6*a - 1712 - 15892 = 0. Let j = a - 1979. Is j a composite number?
True
Let k(a) = -2*a + 203. Let u be k(0). Is 2*u - (1 + -4) a prime number?
True
Suppose 20*h = 34378 + 40882. Is h composite?
True
Let b(o) = o**3 - 4*o**2 - 7*o - 7. Let k be b(6). Let m = k - 7. Suppose -2*y = -5*p + 597, 4*y = m - 0. Is p composite?
True
Let v be 18/(-9) + (-74)/(-2). Let c = v + 263. Suppose -1 - 2 = 3*p, -5*q + 3*p + c = 0. Is q composite?
False
Suppose t + 2*f - 11993 = 0, -5*t = -4*f - f - 59980. Is t a composite number?
True
Let q = -35 + 40. Suppose -3*j + q*u + 2005 = 3*u, 4*u + 2009 = 3*j. Is j a prime number?
False
Suppose m + 4*f = 3*m - 32, -2*f - 34 = -4*m. Let c(a) be the third derivative of 11*a**4/12 - 11*a**3/6 - 4*a**2. Is c(m) composite?
True
Let g(v) = 3*v - 2 - 12*v + 23*v. Let k be g(3). Suppose -4*i + k + 172 = 0. Is i a composite number?
False
Let z be 30*46 + 3 - -2. Suppose -z = 6*p - 11*p. Let y = 488 - p. Is y prime?
True
Let a(w) = w**3 + 3*w**2 - w - 1. Let u be a(-3). Is u - 2/4 - 4081/(-14) a composite number?
False
Suppose -2*z - 2 + 25 = -5*j, z - 7 = j. Let t be (-1)/((3/z)/(-3)). Suppose -t*p + 70 = 2*q, -2*q + 0*p + 68 = 2*p. Is q composite?
True
Suppose 0 = -2*q + 7*q - 8040. Suppose 0 = 5*n - 25*b + 28*b - 20000, 3*n + 5*b - 12016 = 0. Suppose -w = -6*w - h + n, -2*w = 5*h - q. Is w a prime number?
False
Let b(t) = 299*t - 15. Let m(g) = -149*g + 8. Let w(q) = -3*b(q) - 5*m(q). Is w(-4) a composite number?
False
Suppose 3*d - r = -6*r - 6, 0 = 4*r + 12. Suppose 2*t = -d*t - 5, 5*c = 3*t + 2858. Is c prime?
True
Let c(w) = 2*w**2 + 11*w - 55. Let y be c(-15). Let k = -43 + y. Is k prime?
False
Suppose 0*z + 7158 = 3*z. Suppose -z = -3*a + 1445. Is a a prime number?
True
Let p be (-2249)/(-3) + (-4)/6. Let j(v) = 15*v**3 + 2*v - 2. Let b be j(1). Suppose 4*k = p + b. Is k a prime number?
True
Let k = -79 + 256. Is k composite?
True
Suppose 2*w - d = 35801, 2*d - 7*d - 71587 = -4*w. Is w a prime number?
True
Let q(x) be the third derivative of 0 + 1/24*x**4 - 1/6*x**3 + 3*x**2 + 67/60*x**5 + 0*x. Is q(1) prime?
True
Let j(i) = 71*i**2 - 13*i + 17. Is j(11) prime?
False
Suppose b + 16 = -20. Is (-23358)/b + 2/12 prime?
False
Let p = -2657 + 5794. Is p composite?
False
Let f be 16/(3 - 2)*4. Suppose 0 = -r + f + 147. Is r a composite number?
False
Let u(h) = 725*h - 2. Let z(l) = 363*l - 1. Let t(o) = -3*u(o) + 7*z(o). Is t(3) a prime number?
True
Suppose -2*i = 5*a - 1452, i + 4*a = 515 + 217. Suppose -3*b + i = -4*r - 2067, 930 = b + r. Is b a composite number?
False
Is 4/(-14)*111454/(-76) composite?
False
Let r be (7 - 1381)/(6/(-4)). Suppose 8*o + r = 3468. Is o composite?
True
Let w(i) = i**3 - i**2 - 2*i + 1. Let x be w(1). Let z(o) = -1254*o**3 - o. Is z(x) composite?
True
Suppose 4*y + 26 = -3*w - 14, -y + 9 = -4*w. Let s(u) = -u**3 + 8*u**2 - 16*u + 4. Is s(y) prime?
False
Suppose 0 = -3*n - 12, -j = -2*n - 704 - 1457. Is j composite?
False
Suppose 9*l - 11*l = 0. Suppose 5*d - 2*m - 30 = 3*d, l = -4*d - 2*m + 42. Is d/(-78) - 4305/(-13) composite?
False
Let i(c) = 1553*c + 6. Let z be i(1). Suppose -4*a = -2373 - z. Is a composite?
False
Let y = 11 - 5. Let n(d) = 11*d**2 - 5*d + 10. Let q(u) = -5*u**2 + 3*u - 5. Let k(p) = 3*n(p) + 5*q(p). Is k(y) prime?
True
Suppose -2*z + 445 = 3*z. Let q = z + -54. Is q a composite number?
True
Let t = 255 + 122. Is t prime?
False
Let g(t) = -12 + 93*t - 1 - 64. Is g(10) prime?
True
Suppose -2*c - 2*q = 2*q + 14, 4*q + 20 = 4*c. Suppose -4*k = -4*d, 5 = -2*k + c. Is 897/27 + d/9 composite?
True
Let g = -1661 + 824. Let t = g - -1334. Is t a composite number?
True
Let h(a) = 137*a - 4. Let b(d) = 274*d - 8. Let v be 1/(-4) - (-68)/16. Let o(m) = v*b(m) - 9*h(m). Is o(-3) a prime number?
False
Let o = 448 + -77. Is o composite?
True
Suppose 3*q = -2*m + 36857, 4*q = 32 - 28. Is m prime?
True
Suppose -5*b - 63 = -3*c - 0*c, -4*b - 47 = c. Is 4444 - -2*b/8 prime?
True
Is 15/9*(-2183652)/(-180) prime?
True
Let g(v) = 8*v**3 + 3*v**2 + 11. Let u be g(-7). Let m = -1679 - u. Is m prime?
True
Let x = 30 + 970. Suppose 8*v + 336 = x. Is v prime?
True
Suppose -l = l - 5*n - 62, 0 = n. Suppose 31 = 2*s - l. Is s a composite number?
False
Let s = -14 - -24. Is (-93 - s)*(-1 - 0) composite?
False
Let h(q) = q + 1. Let d be h(-5). Is (-3 + -11)*2/d composite?
False
Is (2 + (-6)/4)*(-167198)/(-41) prime?
True
Suppose 3 = x - 5. Let l(r) = -22*r**3 - 12*r - 15. Let f be l(-3). Suppose -f = 3*v - x*v. Is v prime?
False
Let a be (-1 - 0) + -2 - -3. Suppose 4*m - 7*m = a. Suppose 5*l - 941 - 554 = m. Is l a composite number?
True
Let f = 4974 - 865. Is f prime?
False
Let z(j) = 190*j - 221. Is z(12) a prime number?
False
Suppose 10*b - 4561 = 9*b. Is b prime?
True
Let d(s) = -514*s - 3. Let t(b) = -b. Let n(k) = -d(k) - 6*t(k). Is n(2) prime?
False
Suppose -2*s - 78 = 4*h, -s + 2*s = -1. Let i = h + 15. Let o(z) = 6*z**2 + 6*z + 5. Is o(i) a prime number?
False
Let p(y) = -2 + 14*y - 18*y - 1 + 391*y**2. Is p(-2) a composite number?
True
Let z = 36